?
2, 149, 1586419
List the prime factors of 245270617.
439, 558703
What are the prime factors of 731753236?
2, 17, 10761077
What are the prime factors of 98669193?
3, 7, 671219
List the prime factors of 226943582.
2, 211, 537781
List the prime factors of 164578240.
2, 5, 613, 839
List the prime factors of 42091220.
2, 5, 61, 34501
What are the prime factors of 81402191?
13, 6261707
List the prime factors of 1331542984.
2, 166442873
What are the prime factors of 23616263?
11, 1291, 1663
List the prime factors of 87016595.
5, 17403319
List the prime factors of 45218887.
7, 6459841
What are the prime factors of 4853203964?
2, 7, 23, 7536031
What are the prime factors of 5923029?
3, 7, 23, 12263
What are the prime factors of 51477145?
5, 10295429
List the prime factors of 2525028084.
2, 3, 257, 272917
What are the prime factors of 100648948?
2, 25162237
What are the prime factors of 190745885?
5, 11, 3468107
What are the prime factors of 416540880?
2, 3, 5, 7, 3061
What are the prime factors of 23781419?
17, 137, 10211
What are the prime factors of 8428443335?
5, 13, 129668359
List the prime factors of 63970321.
19, 3366859
What are the prime factors of 120126275?
5, 1669, 2879
List the prime factors of 54068374.
2, 53, 510079
List the prime factors of 178112946.
2, 3, 11, 2698681
What are the prime factors of 369713129?
127, 1283, 2269
List the prime factors of 728895425.
5, 29, 1005373
List the prime factors of 203025085.
5, 29, 1400173
What are the prime factors of 59970247?
89, 283, 2381
What are the prime factors of 3265751705?
5, 457, 571, 2503
List the prime factors of 600109548.
2, 3, 43, 1163003
List the prime factors of 224836366.
2, 31, 1049, 3457
What are the prime factors of 592273421?
17, 433, 4733
List the prime factors of 224074588.
2, 89, 167, 3769
What are the prime factors of 155129852?
2, 1979, 19597
What are the prime factors of 31992015?
3, 5, 11, 193891
What are the prime factors of 580523846?
2, 7, 41465989
What are the prime factors of 71641584?
2, 3, 7, 53, 149
What are the prime factors of 67527245?
5, 13505449
List the prime factors of 1675696327.
1675696327
What are the prime factors of 117166979?
59, 97, 347
List the prime factors of 51198634.
2, 25599317
List the prime factors of 7050141697.
7050141697
What are the prime factors of 32459750?
2, 5, 157, 827
List the prime factors of 1119912010.
2, 5, 7, 15998743
List the prime factors of 16150990.
2, 5, 131, 12329
What are the prime factors of 773138116?
2, 193284529
What are the prime factors of 2036293873?
2036293873
List the prime factors of 5484123783.
3, 609347087
What are the prime factors of 1642237324?
2, 7, 13, 1277, 3533
What are the prime factors of 20863282?
2, 11, 948331
What are the prime factors of 158331151?
11, 631, 22811
List the prime factors of 33744571.
7, 4820653
List the prime factors of 2875257738.
2, 3, 23, 53, 59, 2221
List the prime factors of 220340713.
23, 107, 89533
List the prime factors of 6976320895.
5, 1395264179
What are the prime factors of 138476131?
29, 4775039
List the prime factors of 783932296.
2, 7, 131, 106861
What are the prime factors of 32546416?
2, 7, 290593
List the prime factors of 194933407.
17, 19, 89, 6781
List the prime factors of 617763520.
2, 5, 11, 223, 787
List the prime factors of 2546252211.
3, 1621, 523597
What are the prime factors of 66684357?
3, 19, 43, 3023
What are the prime factors of 151431238?
2, 7, 163, 66359
List the prime factors of 1885115442.
2, 3, 7, 37, 43, 28211
What are the prime factors of 600632024?
2, 75079003
List the prime factors of 14805554.
2, 61, 121357
List the prime factors of 2396891.
7, 342413
What are the prime factors of 103138904?
2, 11, 269, 4357
List the prime factors of 87177921.
3, 17, 31, 67, 823
List the prime factors of 110892269.
23, 2099, 2297
What are the prime factors of 3096602422?
2, 1548301211
What are the prime factors of 1031649921?
3, 114627769
List the prime factors of 89340219.
3, 17, 59, 3299
What are the prime factors of 143751652?
2, 11, 643, 5081
List the prime factors of 318327049.
211, 1508659
List the prime factors of 910526206.
2, 47, 2297, 4217
List the prime factors of 41143888.
2, 1439, 1787
List the prime factors of 1424003266.
2, 7, 17, 233, 25679
List the prime factors of 670760448.
2, 3, 436693
List the prime factors of 168544644.
2, 3, 23, 31, 19699
List the prime factors of 65542268.
2, 11, 1489597
What are the prime factors of 467253120?
2, 3, 5, 397, 613
What are the prime factors of 8450807?
2339, 3613
What are the prime factors of 83463252?
2, 3, 6955271
List the prime factors of 16336872.
2, 3, 226901
What are the prime factors of 2836775714?
2, 31, 181, 449, 563
List the prime factors of 13721774.
2, 11, 623717
List the prime factors of 652562208.
2, 3, 2265841
List the prime factors of 741990166.
2, 19, 23, 848959
List the prime factors of 1275563164.
2, 23, 73, 189929
What are the prime factors of 2854971848?
2, 101, 3533381
List the prime factors of 44636560.
2, 5, 17, 23, 1427
What are the prime factors of 2108976841?
31, 89, 764399
List the prime factors of 1364840425.
5, 13, 43, 127, 769
What are the prime factors of 395695303?
47, 8419049
What are the prime factors of 23749541?
179, 132679
List the prime factors of 106575999.
3, 137, 259309
What are the prime factors of 122898012?
2, 3, 31, 101, 3271
List the prime factors of 1052675613.
3, 11, 149, 71363
What are the prime factors of 3450722879?
16703, 206593
What are the prime factors of 426253866?
2, 3, 19, 67, 55807
What are the prime factors of 58670962?
2, 7, 67, 62549
List the prime factors of 245583859.
4603, 53353
What are the prime factors of 32064027?
3, 10688009
What are the prime factors of 1822874032?
2, 7, 239, 68099
What are the prime factors of 7699565752?
2, 962445719
What are the prime factors of 211976278?
2, 7001, 15139
What are the prime factors of 322030480?
2, 5, 31, 89, 1459
What are the prime factors of 163055090?
2, 5, 11, 1482319
List the prime factors of 246031635.
3, 5, 2789, 5881
What are the prime factors of 1025882738?
2, 512941369
List the prime factors of 74166011.
74166011
What are the prime factors of 262954430?
2, 5, 313, 84011
List the prime factors of 342189035.
5, 68437807
List the prime factors of 61487350.
2, 5, 599, 2053
What are the prime factors of 736341953?
103, 7148951
List the prime factors of 5052851215.
5, 1010570243
What are the prime factors of 198873327?
3, 17, 103, 131
What are the prime factors of 586663197?
3, 195554399
List the prime factors of 44108290.
2, 5, 4410829
What are the prime factors of 5215915846?
2, 73, 35725451
What are the prime factors of 26839647?
3, 19, 113, 463
List the prime factors of 60934594.
2, 7, 103, 42257
What are the prime factors of 206904195?
3, 5, 17, 270463
List the prime factors of 17308609.
17308609
What are the prime factors of 45923174?
2, 11, 79, 26423
What are the prime factors of 753216436?
2, 7, 3842941
List the prime factors of 894211943.
241, 1783, 2081
What are the prime factors of 466888822?
2, 23, 1697, 5981
What are the prime factors of 5038728620?
2, 5, 41, 59, 104149
List the prime factors of 79817123.
5741, 13903
What are the prime factors of 218855926?
2, 17, 6436939
List the prime factors of 12338452.
2, 7, 67, 6577
List the prime factors of 2067324664.
2, 67, 3856949
List the prime factors of 13014697.
79, 164743
What are the prime factors of 1420379396?
2, 73, 4864313
List the prime factors of 296102200.
2, 5, 97, 15263
List the prime factors of 44112883.
43, 167, 6143
What are the prime factors of 31287728?
2, 23, 85021
What are the prime factors of 33519433?
139, 151, 1597
What are the prime factors of 144844008?
2, 3, 127, 47521
List the prime factors of 84736957.
131, 173, 3739
List the prime factors of 769293328.
2, 23, 577, 3623
List the prime factors of 252974884.
2, 23, 137, 20071
What are the prime factors of 23205801?
3, 7735267
List the prime factors of 18746718.
2, 3, 223, 14011
List the prime factors of 87272432.
2, 13, 419579
List the prime factors of 6003055245.
3, 5, 11, 29, 1254557
List the prime factors of 5411834547.
3, 7, 36815201
What are the prime factors of 9089257?
223, 40759
What are the prime factors of 817731151?
817731151
List the prime